nits digit of t?
6
Suppose -4*d - 3 = 9. Let r = d + 11. What is the units digit of r?
8
Suppose 2*q + 31 = -3*u + 149, q = 5*u + 33. What is the tens digit of q?
5
Suppose 4*f + 5*o = f + 207, 335 = 5*f + 5*o. What is the tens digit of f?
6
Let w(u) be the third derivative of -u**6/120 + 3*u**5/20 - u**4/4 + 3*u**3/2 + u**2. What is the tens digit of w(8)?
2
Let j = 359 + -247. What is the units digit of j?
2
Let d(l) = -l**2 + 6*l + 10. Let y be d(7). Suppose 0*u = y*i + u - 63, 4*i - 91 = u. What is the tens digit of i?
2
Suppose -2*y - 1 = 15. Let t = 17 + y. What is the units digit of t?
9
Let k = -109 - -159. What is the units digit of k?
0
Let r(w) = -w**3 + 7*w**2 - 8*w + 4. Suppose -4*d - 12 + 32 = 0. What is the tens digit of r(d)?
1
Suppose -5*l = 5*l - 1680. What is the tens digit of l?
6
Let x = 11 - 1. Suppose 1 = -3*z + x. Suppose -4*d - 4*g + 51 = -d, z*g + 30 = 3*d. What is the tens digit of d?
1
Suppose -90 = 2*d - 4*d. What is the tens digit of d?
4
What is the tens digit of (2/(-3))/(6018/1206 + -5)?
6
Suppose -3*j + 16 = -26. What is the tens digit of j?
1
Let g = -5 - -15. What is the tens digit of g?
1
What is the units digit of (-2)/(51/(-24) - -2)?
6
Suppose g = 4*g. Suppose 3*w = -g*w + 15. What is the units digit of w?
5
Let a = 2 - 0. Let u = a - 3. What is the units digit of u - -2*(2 - 0)?
3
Let w be (-5)/10 - 21/(-2). Let d(v) = v**2 - 7*v + 13. What is the tens digit of d(w)?
4
Suppose l = 9 + 21. Let u = l + -20. What is the tens digit of u?
1
Let v = -299 - -431. Suppose c = -3*c + v. What is the units digit of c?
3
Let g(h) = 3*h**3 - 9*h**2 - 6*h - 1. Let w(j) = j**3 - j**2. Let s(i) = g(i) - 2*w(i). What is the units digit of s(8)?
5
Suppose -3*p - 35 + 98 = 0. What is the tens digit of p?
2
Suppose -2*c + 3*i + 7 = -10, 15 = -5*c - 4*i. Let v be 7/(-3) - c/(-3). Let l(q) = q**3 + 2*q**2 + 2. What is the units digit of l(v)?
2
Let l(h) = 8 - 2*h**2 + 7*h**2 - h - h + h**3 - 3*h. What is the units digit of l(-6)?
2
Let c = -4 - -10. What is the units digit of c?
6
Let z(h) = 3*h + 13. Let l = 9 + -5. What is the units digit of z(l)?
5
Let b = 34 - 23. What is the tens digit of b?
1
Let m = -5 - 5. What is the units digit of (28/m)/(2/(-10))?
4
Suppose -w = 4*w - 15. Suppose -w*s - 2*h + 18 = -s, 0 = 3*s + 4*h - 31. What is the units digit of s?
5
What is the units digit of 21/(-2)*18/(-27)?
7
Let x(u) = u**3 + u**2 - u - 5. Let f be x(0). What is the units digit of (-35)/f*6/7?
6
Let q = -6 - -9. Suppose -9 = q*t + 2*u, -13 = 4*t - 4*u + 7*u. What is the units digit of (-3)/(t*(0 + 1))?
3
Let o be 7/(15/(-6) - -2). What is the tens digit of 7/(o/(-36)) + 0?
1
Suppose 5*r + y = -150, r + 17 = -4*y - 13. Let l = 43 + r. Suppose -3*a + k + 36 + 3 = 0, -5*k - l = -2*a. What is the tens digit of a?
1
Let c(g) = g**2 + 3*g + 5. Let i be c(-4). Suppose -f + 9 = -3*x, 3*f - 19 = x + 4*x. Let z = f + i. What is the tens digit of z?
1
Suppose 0 = 3*p - y - 118, 0 = 2*p + 3*y - y - 76. What is the tens digit of p?
3
Let y(i) = -i**2 + 13*i + 14. Let o be y(11). Suppose 5*s - o = 29. What is the tens digit of s?
1
Let g(z) = -2*z - 5. Suppose -u + 5*u = -16. What is the units digit of g(u)?
3
Suppose -29 = -5*s + m, -2*s + 10 = 2*m - 4*m. Let g = 7 + -9. Let i = s + g. What is the units digit of i?
4
Suppose 5*r - 68 = -4*d, 3*r + 5 - 73 = -4*d. Suppose 0*n + 2*o - 9 = -n, 5*n - 4*o = d. What is the units digit of n?
5
Let p be (-2)/(-6) - (-40)/6. Suppose 5*u + 20 = 5*l, -l = 3 - p. Let h(s) = s + 1. What is the units digit of h(u)?
1
Let l(k) = -55*k**2 + 4*k - 5. Let x(b) = -b**2 + b - 1. Let j(q) = -l(q) + 4*x(q). What is the tens digit of j(1)?
5
What is the units digit of ((-165)/(-10))/(-11)*(-196)/6?
9
Suppose p - 8 = 2. Let l = p - 6. Suppose 20 = f + 4*f - 3*v, 0 = l*v - 20. What is the units digit of f?
7
Let n(c) = -3*c - 29. What is the tens digit of n(-19)?
2
Let k be 0 + 156 + (0 - -1). Suppose 5*o = -p - 2*p + k, -5*o + 155 = 5*p. What is the tens digit of o?
3
Suppose -5*q + n + n = -223, 4*q - n - 176 = 0. Suppose 2*p - 5*u + 7 = 0, 2*p + 3*u = -11 + 28. Suppose q = p*i + 15. What is the units digit of i?
7
Let n = -193 - -340. What is the units digit of n?
7
Let m = 2 - 8. What is the units digit of ((-24)/20)/(m/40)?
8
Suppose 113 = 4*r - 419. What is the tens digit of r?
3
Let f(j) = j**3 + 7*j**2 - 7*j - 1. Let s be f(-8). Let r(t) be the first derivative of t**3/3 + 5*t**2 + 11*t - 2. What is the units digit of r(s)?
2
Suppose 0 = -3*o - 4*q + 164, -4*q + 15 = -q. What is the units digit of ((-1)/(-3))/(2/o)?
8
Let x(i) = i**2 + 6*i - 3. What is the units digit of x(-10)?
7
Let j = 9 + -3. Suppose 2*w + w - j = 0. Suppose -2 + 4 = w*s. What is the units digit of s?
1
Let w = 48 - 24. Suppose k = w - 3. What is the tens digit of k?
2
Suppose -24 = r + r - 5*k, 2*r = 3*k - 16. What is the units digit of (2/(-4))/(r/24)?
6
Let m(g) be the second derivative of -g**5/20 + g**4 - 3*g**3/2 - 9*g**2/2 + g. What is the tens digit of m(11)?
1
Let y(n) = -10*n - 15. Let m be y(-6). Suppose m = 3*a - 9. What is the units digit of a?
8
What is the tens digit of (-120)/(-9) + (-24)/18?
1
Let m = 28 + 15. What is the units digit of m?
3
Let z = -3 - 6. Let c be z/(-6)*1*8. What is the units digit of 5*5/(75/c)?
4
Let k(r) = 32*r**2 - 2*r + 4. What is the hundreds digit of k(2)?
1
Let l(s) = -s**2 - 2*s + 2. Let h be l(-3). Let b be (-3)/h + (2 - 3). Suppose b*z - 2 = z. What is the units digit of z?
2
Suppose 2*p + 2 = 0, 2*p + 75 = -2*n + 803. What is the hundreds digit of n?
3
Suppose 5*c - 84 + 34 = 0. Suppose -2*t + 5*t - 44 = -5*q, -3*q - c = -t. What is the units digit of t?
3
Let x be -1 + 28/(-8)*2. Let u = -11 - -7. Let w = u - x. What is the units digit of w?
4
Let y = 4 + -3. Let j be ((-1 + y)/(-2))/(-1). Suppose -4*i + 28 + 8 = j. What is the units digit of i?
9
Let r(f) = 4*f**3 + f**2 + 1. Let y be r(-2). Let x = 43 + y. What is the units digit of x?
6
Let p(l) = -2*l**3 + 3*l + 1. Let i(k) = k**2 - 2*k - 2. Let z be i(0). What is the units digit of p(z)?
1
Let g(r) = -2*r - 8. Let w(y) = y - 1. Let u(z) = -g(z) - 5*w(z). What is the units digit of u(-4)?
5
Let n be 2*3/(-6) + 9. Let y(z) = z**2 - 3*z - 10. What is the tens digit of y(n)?
3
Suppose -3*o = -5*o. Let m be (-17)/(-3) - 2/(-6). Suppose 0*z + z - m = o. What is the units digit of z?
6
Let x(p) be the first derivative of p**4/4 + 10*p**3/3 - 3*p**2/2 - 3*p - 2. What is the tens digit of x(-10)?
2
Suppose 0 = z - 2*u - 11, 0 = -3*z - 4*u + 3. Suppose 0 = -7*y + 235 + 199. Suppose -z*l - 7 + y = 0. What is the tens digit of l?
1
Suppose -6*t + 15 = 4*v - t, 2*v = 5*t + 15. What is the units digit of v?
5
Suppose 0 = 3*d - 25 + 7. What is the units digit of d?
6
Let n(j) = 6*j - 7. Suppose -8*a + 9 = -5*a. What is the units digit of n(a)?
1
Suppose -20 = -f - 4*f. Let h(x) = 2*x + 2. Let a(r) = -r - 2. Let g(b) = f*h(b) + 6*a(b). What is the units digit of g(4)?
4
Let z = 3 + 74. What is the tens digit of z?
7
Let u(r) = 2*r**2 + 0*r - 4 - 3*r - r**2. What is the tens digit of u(6)?
1
Let a = -1 - -3. Suppose -a + 7 = -y. Let i = -3 - y. What is the units digit of i?
2
Let d(h) = h**3 - 2*h**2 - 4*h - 4. Let p be d(4). Suppose 5*f - p = -2*g, 0 = -2*g - 4*f + 1 + 7. Let b = g - -12. What is the units digit of b?
8
Suppose -4*b = 3*s - 6*b + 69, s = -4*b - 9. Let u = 62 + s. What is the tens digit of u?
4
Let i = -13 + 9. What is the units digit of (-1)/4 - 5/i?
1
Let q(x) = -x + 7. What is the units digit of q(-6)?
3
Suppose 3*r + 153 = 3*z, 3*z - 5*r = 17 + 138. What is the units digit of z?
0
Suppose -3*o = 0, -5*d + 2*o + 345 + 920 = 0. What is the hundreds digit of d?
2
Let p = -8 + 8. Let a be -3 - (p + 89/(-1)). Suppose 5*l = a - 31. What is the units digit of l?
1
Let v(d) = 12 + 5*d - 4*d - 11 + 18. What is the tens digit of v(15)?
3
Let r be -6*((-60)/8 - 1). Let s = r - 23. What is the tens digit of s?
2
Let p(m) = -2*m**2 - 4. Let x be p(-4). Let b = 76 + x. What is the units digit of b?
0
Let l(f) = -5*f + 1 + f - 1 + 4. What is the tens digit of l(-4)?
2
Suppose -6*s = 5*s - 814. What is the tens digit of s?
7
Let o(i) = 3*i + 13. What is the units digit of o(16)?
1
Suppose 0 = 11*s - 12*s + 56. Let c(b) = 5*b**2 + b. Let